1 = -4*k + 61. Suppose k*y = 6*y - 2. Calculate the highest common divisor of y and 3.
1
Let o = 42 - 20. Let y = -896 + 1006. Calculate the greatest common factor of o and y.
22
Let k(h) = -2*h + 27. Let m be k(11). Suppose 4*q = -4*a + 4, m*a - 2 - 21 = 4*q. Let w be a - (0 + -1) - -47. What is the greatest common factor of w and 51?
51
Let a(j) = 2*j + 54. Let l be a(-20). Let m = 1 - 2. Let q be 16 + (5 - 1) - m. What is the highest common divisor of l and q?
7
Let c be 8/6 - ((-2)/(-8) - (-15274)/(-168)). What is the greatest common divisor of c and 529?
23
Let l be (3 - -105)*165/99. Calculate the highest common factor of l and 110.
10
Suppose q + 6 = -16. Let f = 44 + q. Suppose 988*u = 1021*u - 177 - 186. What is the greatest common factor of f and u?
11
Suppose t - 638 = -730. Let l = t - -218. Calculate the highest common divisor of l and 18.
18
Suppose 44*m + 36*m + 6*m - 61490 = 0. What is the highest common factor of 1235 and m?
65
Let x(n) = -3*n**2 - 40*n - 7. Let o be x(-13). Let u be o/(138/60 - 2). Calculate the greatest common divisor of 8 and u.
4
Suppose 312 = -12*u - 1968. Let t = 306 - u. Calculate the highest common factor of t and 16.
16
Let k be ((2*1)/(37 + -39))/1*-2871. Calculate the greatest common divisor of 396 and k.
99
Let t(h) be the third derivative of -h**5/60 - 3*h**4/8 + 4*h**3/3 - 45*h**2 + 1. Let r be t(-5). Calculate the highest common divisor of r and 644.
28
Let n = 83 - 75. Suppose 2 = 2*u - n. Suppose -2*p = -4*f + 4, -u*f + 2 = -4*p - 0*p. What is the highest common factor of 4 and f?
2
Let l(m) = -m**2 + 27*m - 107. Let w be l(5). Suppose 0 = -18*s + w*s + 600. What is the highest common factor of 32 and s?
8
Let u(o) = o**2 - 23*o + 33. Let l be u(24). Suppose 35*f = 29*f + 18. Let x = l + f. What is the highest common divisor of x and 12?
12
Let f = -3926 + 4238. What is the greatest common divisor of 21 and f?
3
Let n(f) = 18*f - 228. Let b be n(13). Let y be 124 + 3*6/9. Calculate the greatest common divisor of b and y.
6
Let y = -20266 - -20454. Calculate the highest common divisor of y and 288.
4
Let h = -13328 - -13366. What is the highest common divisor of 5738 and h?
38
Let m be 136 + (-8 - (-374)/17). Calculate the highest common factor of 2150 and m.
50
Suppose -441 = -156*z + 3303. What is the highest common factor of z and 1509?
3
Let f(l) = -26*l - 3. Let o be f(-6). Suppose 4*s - 660*a - 92 = -656*a, 5*s + 5*a - 55 = 0. What is the highest common factor of s and o?
17
Let j(o) = -2506*o + 25152. Let i be j(10). Let c = -50 - 41. Let w be (-4)/(-16) + c/(-4). Calculate the greatest common divisor of w and i.
23
Let p(x) = 3*x**3 + 5*x**2 - x + 3. Let f be ((-24)/(-30) + 19/(-5))*-1. Let l be p(f). Calculate the highest common divisor of 6 and l.
6
Suppose -33*o + 22*o = -4455. What is the highest common divisor of 1377 and o?
81
Let d(j) = 11*j - 100. Let w be d(8). Let t be 0 + 18 + w/(-2). What is the greatest common factor of 12 and t?
12
Suppose 4*l + 5*c = 20, 0*c + 4*c = -l + 5. Let b be (-97)/l - (-6)/(-10). Let v = 40 + b. Calculate the highest common divisor of 20 and v.
20
Let z = 14 - 6. Let a(d) = -2*d**3 - 16*d**2 + 6*d - 17. Let v be a(-8). Let l = 129 + v. What is the greatest common divisor of z and l?
8
Suppose 0 = -z - 3 + 6. Let a(t) = t**3 + t**2 - 10*t - 9. Let n be a(-3). Suppose n + z = 3*m. What is the highest common factor of m and 1?
1
Let w(j) = -110*j + 399. Let c be w(11). Let t = -795 - c. Calculate the highest common divisor of 184 and t.
8
Let i be (-1846138)/(-9617) - (-2)/59. What is the greatest common divisor of 174 and i?
6
Suppose -u = 7*t - 27832, -2*u + 2*t + 34965 = -20731. Calculate the highest common factor of 39 and u.
39
Suppose 20*i + 28526 = j + 22*i, 5*j = -2*i + 142598. Calculate the greatest common divisor of j and 294.
294
Suppose -72 = 7*f + 271. Let y = 273 - f. Calculate the greatest common divisor of 14 and y.
14
Let i(q) = -7*q - 17. Let x be i(-3). Suppose -x*m + 170 = -110. Calculate the greatest common divisor of m and 14.
14
Let o be 195*(10 - 3) + (-11 - -14). Calculate the greatest common factor of 24 and o.
24
Let j be ((-1)/3*2)/(2/36). Let m be ((-24)/6 - -3*1)*j. Let n be 2/(-3) + 164/m. What is the greatest common factor of 143 and n?
13
Let f be -1*2 + (0 - -5). Suppose m - 41 = 2*y - y, f*m - 115 = -y. Calculate the highest common divisor of m and 13.
13
Suppose -12*w + 48 = -10*w - d, 0 = -3*w - 3*d + 90. Calculate the greatest common factor of w and 9672.
26
Suppose 0 = -25*x + 36*x + 55. Let s be x/((-10)/26) - (-3 + 3). What is the greatest common factor of 13 and s?
13
Let v = -60 + 130. Let i = 1001 + -987. Calculate the greatest common divisor of v and i.
14
Suppose 0*x + 2 = 4*m - 5*x, 2*m - x + 2 = 0. Let d be 2*(4 + m/(8/(-58))). Calculate the greatest common divisor of 37 and d.
37
Suppose -y + 15 = -5*n + 110, -2*n + 38 = -4*y. Let f be 3000/1625 - 4/(-26). Suppose 0 = -f*p - 240 + 658. Calculate the highest common divisor of n and p.
19
Let x be 196/(-7)*(244/(-28) - -1). Let s = x + -191. What is the highest common divisor of 50 and s?
25
Let a(t) = t**3 + 8*t**2 + 8*t - 5. Let c be a(-6). Suppose -13*q + c*q - 54 = 0. Suppose -11*j = -q*j - 38. Calculate the greatest common divisor of j and 57.
19
Let k be 4 + 1 - (-400)/(-4). Let h = 583 + k. Calculate the highest common divisor of h and 61.
61
Suppose -6292 + 1745 = -19*s + 2578. What is the highest common factor of s and 1650?
75
Suppose -16 = 4*b - 4*h, -12*b - 3*h = -8*b - 26. What is the highest common factor of b and 14?
2
Let m be 688/7 - 6/21. Suppose 203*s = -3680 + 6522. Calculate the greatest common divisor of s and m.
14
Let j = -347 - -343. Let i be j + 39 - (-12 - -7). Calculate the highest common factor of i and 90.
10
Let z(w) = -1515*w - 22. Let j be z(-2). What is the greatest common factor of j and 32?
32
Let v be 514 + 6 + -11 + -4. Suppose s - 201 = -2*m, 13*s - 8*s - v = -5*m. What is the greatest common factor of 160 and m?
20
Let b be (6 - 100/15)/(1/528). Let n = b - -1192. Suppose 6*j = -2*j + n. What is the greatest common divisor of j and 21?
21
Let c = -250 - -250. Suppose c = -9*l + 925 - 376. Calculate the greatest common factor of 1 and l.
1
Suppose 478 = 4*t - 5*k, -t = 2*k + 3*k - 107. Let s be (t/(-52))/((-9)/12). What is the greatest common factor of 12 and s?
3
Let x(r) be the second derivative of -5*r**3/3 + 3*r**2/2 + r + 6. Let s be x(-1). Calculate the greatest common factor of s and 481.
13
Let x(k) = 9*k - 63. Let m be x(7). Suppose 5*l + 4*s - 340 = 36, 4*l - s - 284 = m. What is the highest common factor of l and 18?
18
Let o(l) = -46*l + 278. Let q(u) = 2*u**3 - 14*u**2 + 8*u + 11. Let n be q(6). Let s be o(n). What is the highest common factor of 12 and s?
12
Let w be 42 + (-9)/1 + 7. Let d = 68 + -58. What is the greatest common divisor of d and w?
10
Suppose 19*i = -10*i + 1740. Suppose -2240 = i*v - 88*v. Calculate the greatest common factor of 30 and v.
10
Suppose 4*p + 82 + 90 = 0. Let r = p + 43. Suppose 2*h + 2*i - 20 = r, 3*h - 6*h = -i - 14. What is the highest common factor of 18 and h?
6
Suppose 84 = 46*b - 49*b. Let u(l) = l**2 - 7. Let i be u(-6). Let k = i + b. What is the highest common factor of 5 and k?
1
Let z = 3012 - 1948. What is the highest common divisor of z and 608?
152
Let u be -67 - -76 - (-1)/((-4)/(-684)). What is the highest common divisor of u and 1560?
60
Suppose 3*m = 5*t + 7*m - 15362, -3*t = -4*m - 9230. Suppose -i + 4*v + 772 = 0, i + 2*v + t = 5*i. Calculate the highest common factor of i and 16.
16
Let l = 7745 - 7695. Calculate the greatest common divisor of l and 590.
10
Suppose -4*h + 5*h - 5925 = -24*h. Calculate the highest common divisor of 79 and h.
79
Let u(n) = 15*n**2 - 21*n - 12. Suppose 0 = -3*j + 3*r + 3, 4*j + 5*r - r - 28 = 0. Let l be u(j). Calculate the greatest common divisor of l and 9.
9
Suppose 0 = -14*d + 12*d + 36. Suppose 15 = o - d. What is the greatest common factor of o and 33?
33
Let c = -11169 - -11899. Calculate the greatest common factor of c and 30.
10
Let w(b) = 5*b - 45. Let s be w(10). Let i(z) = -z**2 + 8*z - 4. Let n be i(s). Calculate the highest common factor of 99 and n.
11
Let l = 1532 + -1508. Suppose 3*p - 12 = n + 19,